s 3816185 composite?
True
Is 70391 prime?
False
Is 208433 composite?
False
Is 261094 prime?
False
Is 517901 a composite number?
False
Is 40571 a prime number?
False
Is 50657 composite?
True
Is 735563 a prime number?
False
Is 11989 prime?
False
Is 919477 prime?
False
Is 23399 a composite number?
False
Is 10033 a prime number?
False
Is 105167 a composite number?
False
Is 430889 composite?
True
Is 785269 a prime number?
True
Is 137627 a prime number?
False
Is 253601 composite?
False
Is 84937 a prime number?
False
Is 2693177 prime?
True
Is 455047 a composite number?
False
Is 8603 a prime number?
False
Is 536629 a composite number?
True
Is 4637 a composite number?
False
Is 17891 composite?
False
Is 54073 a prime number?
False
Is 14813 a composite number?
False
Is 85154 prime?
False
Is 34957 composite?
True
Is 498733 a prime number?
True
Is 63647 a prime number?
True
Is 1657 a prime number?
True
Is 49886 a composite number?
True
Is 839 a composite number?
False
Is 474602 a prime number?
False
Is 967 composite?
False
Is 70331 a prime number?
False
Is 773407 a composite number?
False
Is 4854407 a composite number?
False
Is 3557 composite?
False
Is 2643383 a composite number?
False
Is 4181 composite?
True
Is 8513 a composite number?
False
Is 47941 prime?
False
Is 1919503 composite?
False
Is 717631 prime?
True
Is 43093 prime?
True
Is 266831 a composite number?
True
Is 739 prime?
True
Is 177101 composite?
False
Is 1356099 composite?
True
Is 6731 a prime number?
False
Is 3635 prime?
False
Is 69691 composite?
False
Is 52679 a composite number?
True
Is 9661 prime?
True
Is 2287 prime?
True
Is 520117 composite?
True
Is 1361 a prime number?
True
Is 28901 a prime number?
True
Is 2039 prime?
True
Is 331 composite?
False
Is 65867 composite?
False
Is 175649 composite?
False
Is 6787 prime?
False
Is 174695 prime?
False
Is 15157 prime?
False
Is 11533 prime?
False
Is 6599 composite?
False
Is 2517 prime?
False
Is 174815 prime?
False
Is 35669 prime?
False
Is 5539 a composite number?
True
Is 27271 a prime number?
True
Is 10583 a prime number?
False
Is 8329 composite?
False
Is 141931 a prime number?
True
Is 25601 a prime number?
True
Is 4537 composite?
True
Is 31102 a prime number?
False
Is 47581 composite?
False
Is 383381 a prime number?
False
Is 10123 a prime number?
False
Is 2767 prime?
True
Is 4865797 a composite number?
False
Is 276271 composite?
True
Is 18787 a prime number?
True
Is 80557 composite?
False
Is 4189 a composite number?
True
Is 1856671 a composite number?
True
Is 108651 a prime number?
False
Is 128209 a composite number?
True
Is 896899 composite?
True
Is 21857 composite?
True
Is 737657 a prime number?
True
Is 59093 a prime number?
True
Is 7013 a composite number?
False
Is 233911 prime?
True
Is 26099 composite?
False
Is 1370585 prime?
False
Is 5712073 a composite number?
True
Is 13466 a prime number?
False
Is 21821 a prime number?
True
Is 4039773 a prime number?
False
Is 886 a composite number?
True
Is 860239 a composite number?
False
Is 9901 a prime number?
True
Is 384239 prime?
False
Is 115303 a prime number?
True
Is 36653 a prime number?
True
Is 10531 a composite number?
False
Is 87727 a composite number?
True
Is 708979 composite?
False
Is 289759 a prime number?
True
Is 38797 a composite number?
True
Is 43762 composite?
True
Is 29753 prime?
True
Is 27479 prime?
True
Is 55511 a composite number?
False
Is 25115 prime?
False
Is 227455 a composite number?
True
Is 333937 composite?
True
Is 79579 a composite number?
False
Is 15187 prime?
True
Is 79367 composite?
False
Is 36149 a composite number?
True
Is 327377 composite?
True
Is 283303 composite?
False
Is 24958 prime?
False
Is 93185 prime?
False
Is 21562 composite?
True
Is 30505 a prime number?
False
Is 806153 a prime number?
True
Is 699917 prime?
False
Is 9293 a composite number?
False
Is 96013 a prime number?
True
Is 904441 composite?
False
Is 190649 composite?
False
Is 4385 a prime number?
False
Is 113929 composite?
True
Is 28459 prime?
False
Is 345919 a composite number?
True
Is 43509 a prime number?
False
Is 510031 composite?
False
Is 39293 composite?
False
Is 320003 a composite number?
True
Is 20663 a prime number?
True
Is 45769 composite?
True
Is 2911 a composite number?
True
Is 24229 a prime number?
True
Is 371698 prime?
False
Is 541 prime?
True
Is 57533 composite?
True
Is 611693 composite?
False
Is 1256579 a prime number?
True
Is 68171 a composite number?
False
Is 75103 composite?
True
Is 268427 a prime number?
False
Is 6737 prime?
True
Is 1121671 a prime number?
True
Is 15815 prime?
False
Is 4249 composite?
True
Is 34909 composite?
True
Is 1657861 prime?
True
Is 2073 a prime number?
False
Is 96643 prime?
True
Is 11113 a prime number?
True
Is 359 composite?
False
Is 11483 prime?
True
Is 8803 a composite number?
False
Is 32231 a prime number?
False
Is 31019 a prime number?
True
Is 6197 prime?
True
Is 7993 a composite number?
False
Is 121297 a prime number?
False
Is 770285 composite?
True
Is 293311 prime?
True
Is 12235 a prime number?
False
Is 87179 composite?
False
Is 98243 a prime number?
False
Is 6143 prime?
True
Is 13159 a composite number?
False
Is 11989 composite?
True
Is 1117 a prime number?
True
Is 17473 a prime number?
False
Is 2741 composite?
False
Is 669391 a prime number?
True
Is 688799 a composite number?
False
Is 616381 a composite number?
True
Is 1246781 composite?
False
Is 56566 composite?
True
Is 18797 a prime number?
True
Is 12748169 composite?
True
Is 65981 a composite number?
False
Is 623 prime?
False
Is 50529 composite?
True
Is 73121 composite?
False
Is 591649 composite?
False
Is 296767 a prime number?
True
Is 30083 composite?
True
Is 4331 a composite number?
True
Is 2587 a composite number?
True
Is 2633 a prime number?
True
Is 75593 a prime number?
False
Is 537205 a prime number?
False
Is 27539 a prime number?
True
Is 73603 a composite number?
True
Is 815809 a prime number?
True
Is 41347 a prime number?
False
Is 23849 a composite number?
True
Is 2251 composite?
False
Is 17462 a composite number?
True
Is 63211 a prime number?
True
Is 222211 a prime number?
False
Is 1317247 a prime number?
True
Is 137273 a prime number?
True
Is 21781 a prime number?
False
Is 26821 prime?
True
Is 59509 prime?
True
Is 5941 prime?
False
Is 632417 a prime number?
False
Is 120709 composite?
False
Is 27593 a composite number?
True
Is 2839 a composite number?
True
Is 12791 composite?
False
Is 30023 a prime number?
False
Is 34401 composite?
True
Is 199 a prime number?
True
Is 133593 a composite number?
True
Is 52907 a prime number?
False
Is 588347 a composite number?
False
Is 425433 a prime number?
False
Is 350657 a composite number?
False
Is 2169077 composite?
True
Is 60185 prime?
False
Is 4663 prime?
True
Is 82153 a prime number?
True
Is 2267 a prime number?
True
Is 21557 composite?
False
Is 20171 composite?
True
Is 58517 composite?
True
Is 14533 a prime number?
True
Is 30289 a prime number?
False
Is 26149 prime?
False
Is 527789 prime?
True
Is 93683 prime?
True
Is 39079 prime?
True
Is 19066 a prime number?
False
Is 1774765 composite?
True
Is 200426 a prime number?
False
Is 310799 a prime number?
False
Is 11015 composite?
True
Is 222583 a prime number?
False
Is 79913 a prime number?
False
Is 172997 a prime number?
False
Is 51873 composite?
True
Is 1593467 a composite number?
False
Is 50305 composite?
True
Is 50649 a prime number?
False
Is 28759 a prime number?
True
Is 23774 a composite number?
True
Is 1531 a composite number?
False
Is 5327 a composite number?
True
Is 2813 a prime number?
False
Is 13929 prime?
False
Is 127039 composite?
True
Is 1067 prime?
False
Is 12761 composite?
True
Is 92963 a prime number?
False
Is 90223 a prime number?
False
Is 304055 prime?
False
Is 1187 composite?
False
Is 127898 prime?
False
Is 147853 a prime number?
True
Is 156217 a composite number?
False
Is 10651 a composite number?
False
Is 370021 prime?
True
Is 49233 a prime number?
False
Is 2579 a composite number?
False
Is 64399 a composite number?
False
Is 49991 a prime number?
True
Is 6931 a prime number?
False
Is 45497 a prime number?
True
Is 1546117 a prime number?
True
Is 863 composite?
False
Is 4421 a prime number?
True
Is 872227 a prime number?
True
Is 42821 a prime number?
True
Is 4111 prime?
True
Is 1080617 